tors of 387081.
3, 41, 1049
What are the prime factors of 6973051?
53, 149, 883
List the prime factors of 30244076.
2, 7561019
What are the prime factors of 61792?
2, 1931
What are the prime factors of 16050292?
2, 4012573
List the prime factors of 682388.
2, 7, 24371
List the prime factors of 4558614.
2, 3, 227, 3347
What are the prime factors of 4970871?
3, 601, 919
What are the prime factors of 2772301?
7, 396043
What are the prime factors of 908126?
2, 454063
What are the prime factors of 165662?
2, 7, 11833
List the prime factors of 214098.
2, 3, 17, 2099
List the prime factors of 3268125.
3, 5, 7, 83
List the prime factors of 265920.
2, 3, 5, 277
What are the prime factors of 8059292?
2, 17, 23, 5153
What are the prime factors of 442132?
2, 110533
List the prime factors of 5324693.
11, 19, 73, 349
What are the prime factors of 3931636?
2, 982909
List the prime factors of 161075.
5, 17, 379
List the prime factors of 246125.
5, 11, 179
What are the prime factors of 31181642?
2, 643, 24247
List the prime factors of 24783.
3, 11, 751
List the prime factors of 25041317.
7, 67, 107, 499
List the prime factors of 1712725.
5, 7, 9787
What are the prime factors of 587541?
3, 151, 1297
What are the prime factors of 374654?
2, 7, 3823
What are the prime factors of 430881?
3, 11, 1187
List the prime factors of 92597.
29, 31, 103
List the prime factors of 1651854.
2, 3, 275309
What are the prime factors of 498833?
498833
List the prime factors of 473696.
2, 113, 131
List the prime factors of 9267114.
2, 3, 23, 67153
What are the prime factors of 346691?
83, 4177
List the prime factors of 558802.
2, 271, 1031
What are the prime factors of 150259?
23, 47, 139
List the prime factors of 936949.
13, 72073
List the prime factors of 568417.
43, 13219
List the prime factors of 465602.
2, 232801
What are the prime factors of 317980?
2, 5, 13, 1223
What are the prime factors of 28304001?
3, 11, 37, 7727
List the prime factors of 6493393.
401, 16193
List the prime factors of 291533.
11, 17, 1559
List the prime factors of 3431226.
2, 3, 571871
What are the prime factors of 519521?
519521
List the prime factors of 15336940.
2, 5, 29, 31, 853
What are the prime factors of 202462?
2, 13, 599
List the prime factors of 1180170.
2, 3, 5, 31, 47
What are the prime factors of 2444569?
2444569
List the prime factors of 1146030.
2, 3, 5, 38201
List the prime factors of 97339.
11, 8849
List the prime factors of 596257.
596257
List the prime factors of 1458936.
2, 3, 23, 881
List the prime factors of 348910.
2, 5, 23, 37, 41
List the prime factors of 3050858.
2, 23, 29, 2287
What are the prime factors of 3387063?
3, 17, 66413
What are the prime factors of 458948?
2, 7, 37, 443
What are the prime factors of 11746876?
2, 2936719
List the prime factors of 13712643.
3, 7, 217661
List the prime factors of 6004996.
2, 751, 1999
What are the prime factors of 1243615?
5, 248723
List the prime factors of 608788.
2, 152197
What are the prime factors of 4744269?
3, 151, 3491
List the prime factors of 4274076.
2, 3, 356173
What are the prime factors of 30081?
3, 37, 271
List the prime factors of 320227.
103, 3109
What are the prime factors of 449390?
2, 5, 44939
List the prime factors of 11861266.
2, 5930633
List the prime factors of 425293.
11, 23, 41
List the prime factors of 11476370.
2, 5, 1147637
List the prime factors of 21043795.
5, 4208759
List the prime factors of 4416802.
2, 13, 257, 661
List the prime factors of 2829982.
2, 37, 167, 229
What are the prime factors of 448980?
2, 3, 5, 7, 1069
List the prime factors of 2521563.
3, 11, 43, 1777
What are the prime factors of 316770?
2, 3, 5, 10559
What are the prime factors of 615113?
83, 7411
What are the prime factors of 2045213?
2045213
List the prime factors of 22105046.
2, 31, 356533
What are the prime factors of 3827138?
2, 7, 273367
What are the prime factors of 3293199?
3, 7, 13, 4021
What are the prime factors of 847874?
2, 43, 9859
What are the prime factors of 10144824?
2, 3, 422701
List the prime factors of 2678373.
3, 19, 23, 227
What are the prime factors of 6620204?
2, 1655051
List the prime factors of 944773.
944773
List the prime factors of 24644114.
2, 11, 1120187
List the prime factors of 200198.
2, 31, 3229
List the prime factors of 12698918.
2, 37, 71, 2417
List the prime factors of 11002466.
2, 5501233
List the prime factors of 512862.
2, 3, 7, 12211
What are the prime factors of 168230?
2, 5, 16823
List the prime factors of 4075830.
2, 3, 5, 11, 23, 179
What are the prime factors of 628142?
2, 127, 2473
List the prime factors of 519162.
2, 3, 7, 47, 263
List the prime factors of 109134.
2, 3, 43, 47
What are the prime factors of 418059?
3, 46451
What are the prime factors of 2497640?
2, 5, 17, 3673
List the prime factors of 1566938.
2, 41, 97, 197
List the prime factors of 1979082.
2, 3, 7, 113, 139
List the prime factors of 3407984.
2, 212999
What are the prime factors of 2916478?
2, 1458239
List the prime factors of 177466.
2, 89, 997
List the prime factors of 24433498.
2, 23, 531163
What are the prime factors of 9152957?
11, 701, 1187
List the prime factors of 117254.
2, 23, 2549
List the prime factors of 736986.
2, 3, 113, 1087
What are the prime factors of 8865711?
3, 985079
List the prime factors of 590301.
3, 21863
What are the prime factors of 586906?
2, 293453
What are the prime factors of 45972?
2, 3, 1277
What are the prime factors of 10156?
2, 2539
What are the prime factors of 243924?
2, 3, 20327
List the prime factors of 1185335.
5, 237067
List the prime factors of 3110388.
2, 3, 17, 79, 193
List the prime factors of 2348143.
7, 335449
What are the prime factors of 5210399?
5210399
What are the prime factors of 477630?
2, 3, 5, 29, 61
List the prime factors of 181942.
2, 90971
What are the prime factors of 20647369?
37, 53, 10529
List the prime factors of 1202408.
2, 150301
List the prime factors of 1006597.
73, 13789
What are the prime factors of 8051808?
2, 3, 83873
What are the prime factors of 114392?
2, 79, 181
What are the prime factors of 3271236?
2, 3, 272603
List the prime factors of 1290427.
1290427
List the prime factors of 3511165.
5, 7, 43, 2333
List the prime factors of 1187226.
2, 3, 65957
What are the prime factors of 1424539?
1424539
What are the prime factors of 4534145?
5, 7, 11, 11777
List the prime factors of 933403.
933403
What are the prime factors of 1389840?
2, 3, 5, 5791
What are the prime factors of 100450?
2, 5, 7, 41
What are the prime factors of 2017501?
29, 73, 953
List the prime factors of 543316.
2, 135829
What are the prime factors of 508105?
5, 13, 7817
List the prime factors of 1875260.
2, 5, 93763
List the prime factors of 266518.
2, 7, 19037
What are the prime factors of 93586?
2, 73, 641
What are the prime factors of 4368498?
2, 3, 383, 1901
List the prime factors of 7706938.
2, 3853469
List the prime factors of 4530372.
2, 3, 7, 11, 4903
List the prime factors of 1277733.
3, 425911
What are the prime factors of 429136?
2, 26821
List the prime factors of 7141717.
11, 17, 181, 211
What are the prime factors of 7745982?
2, 3, 17, 75941
List the prime factors of 1078073.
53, 20341
List the prime factors of 7168589.
7168589
What are the prime factors of 1285373?
1051, 1223
List the prime factors of 37389.
3, 11, 103
List the prime factors of 355456.
2, 2777
List the prime factors of 352140.
2, 3, 5, 5869
List the prime factors of 1077874.
2, 7, 76991
List the prime factors of 1203346.
2, 19, 31667
What are the prime factors of 5157412?
2, 13, 99181
List the prime factors of 9267903.
3, 1029767
What are the prime factors of 4091690?
2, 5, 31, 67, 197
List the prime factors of 2915343.
3, 323927
List the prime factors of 53116.
2, 7, 271
List the prime factors of 616554.
2, 3, 34253
What are the prime factors of 4059797?
7, 29, 2857
List the prime factors of 674.
2, 337
List the prime factors of 1276680.
2, 3, 5, 10639
What are the prime factors of 2449645?
5, 11, 4049
What are the prime factors of 2151016?
2, 7, 71, 541
List the prime factors of 18037537.
7, 37, 9949
What are the prime factors of 1218573?
3, 71, 1907
What are the prime factors of 994429?
317, 3137
What are the prime factors of 2411107?
2411107
List the prime factors of 1500890.
2, 5, 1500